 + 82. What is the tens digit of b?
4
Suppose -22*u - 144 = -14*u. What is the units digit of (-3357)/u + 3/(-2)?
5
Let x(a) = -89*a - 4. Suppose -7 = -2*q + 49. Let b = q + -29. What is the units digit of x(b)?
5
Let v(j) = 8*j**2 - 55*j. Let r be v(7). Suppose -2 = 5*n - 5*l - r, 7 = 2*n + 3*l. What is the hundreds digit of (n - -144)/(-4 + (-42)/(-9))?
2
What is the units digit of (-96)/(-10)*(-727285)/(-668)?
2
Let w = 449 - 353. Suppose -92*l + w*l - 636 = 0. What is the hundreds digit of l?
1
Suppose 5*h - 1 = -q + 19, -3*h + 5*q = -12. Let m be (3*3)/(0 + 6/16). Suppose 0 = -2*i - 2*p + 12, -3*i + i = -h*p - m. What is the units digit of i?
8
Suppose 0 = 5*t + 10 - 35, 25 = 3*n + 5*t. Suppose 34*k - 36*k - 5*u + 1192 = n, -3*u = 2*k - 1196. What is the units digit of k?
1
Let y = 29593 + -19611. What is the tens digit of y?
8
Suppose -5*g = -5*y - 17465, -19582 = -5*g - 4*y - 2135. What is the hundreds digit of g?
4
Suppose 0 = -25*o + 28*o - 6. Let l(a) = 4 + 7*a + 0*a**3 - 5*a**2 - o*a - 7*a - a**3. What is the units digit of l(-6)?
2
Let m(i) = -156*i + 6. Let g be m(-6). Suppose -106*s + 107*s + 3*u = g, -3*s + 3*u = -2850. What is the hundreds digit of s?
9
Let o(t) = 4*t + 245. Let v be o(-83). Suppose 78 = -n + 4*x, -n + 3*x + 2*x - 83 = 0. Let z = n - v. What is the units digit of z?
9
Let h be 981/39 - 10/65. Let c(x) = h*x**2 - 3*x + 3 - 23*x**2 + 11*x - 2*x**3. What is the units digit of c(-4)?
1
Suppose 14*c = 13*c. Suppose c = 18*y - 2863 + 721. What is the units digit of y?
9
Let l(o) = -267*o - 1472. What is the tens digit of l(-39)?
4
Let n = 23015 - 10666. What is the hundreds digit of n?
3
Let z = 30 - 13. Suppose 2*n = 3*j - 220, -3*n + 2 = z. Let s = j + -16. What is the units digit of s?
4
Suppose 0 = 5*h - 4*p - p - 190, -2*p = 5*h - 211. Suppose -h*l = -12*l - 8091. What is the units digit of l?
9
Suppose -4*c - 5*i - 274 = 0, 4*i = 4*c - 0*c + 256. Let z = c + 68. Suppose 4*d + 34 = z*k, k - 3*k + 3*d = -30. What is the units digit of k?
9
Let a(p) = -82*p - 67. Suppose 0 = 2*y + y + 2*l + 29, -3*l + 2 = -2*y. What is the tens digit of a(y)?
0
Suppose -349*k = -341*k - 240. Suppose 36168 = 54*i - k*i. What is the tens digit of i?
0
Let f(y) = -y**2 - 11*y - 7. Let p be f(-9). Let h = p - 11. Suppose -5*d + 75 + 720 = h. What is the units digit of d?
9
Suppose 231*l - 230*l = -3*r + 10943, 2*l + 14594 = 4*r. What is the thousands digit of r?
3
Let o be (-11 + 2 - -3)/1. What is the units digit of (279/(-5) - -1)/(o/30)?
4
Let n = 260 - 180. Suppose 3*b = 4*u - 245, 4*u + n = 5*u + 3*b. What is the tens digit of u?
6
Let y(a) = -6*a + 33. Suppose 2*h + 3*h = 25. Let t be y(h). Suppose -t*k + 11*k = 24. What is the units digit of k?
3
Let u = -197 + 220. Suppose 14*j - u*j = -4995. What is the hundreds digit of j?
5
Let b = 680 + -368. Suppose 2*k - 492 = b. What is the hundreds digit of k?
4
Suppose 96*l + 166585 = 99*l - 5*q, l = 2*q + 55529. What is the thousands digit of l?
5
Suppose 26628 + 507113 = 13*a. What is the units digit of a?
7
Suppose 3*f - 18976 = 5*y, -2*f - 2*y + 12638 = y. What is the thousands digit of f?
6
Let f = -355 - -208. Let v = 245 + f. What is the units digit of v?
8
Suppose -6*x - 6774 = -2*h - 2*x, -3*h + 10145 = 2*x. What is the units digit of h?
3
Suppose 2782084 = 38*v + 392910. What is the tens digit of v?
7
Let w(h) = -3*h - 4 + 17 + 8. Let q be w(6). Suppose 180 = 3*n - 3*j, q*n = -0*n + j + 178. What is the units digit of n?
9
Let b(m) be the third derivative of -38*m**4/3 - 10*m**3/3 - 5*m**2. Let s be b(5). What is the hundreds digit of ((-1)/(4/(-6)))/((-21)/s)?
1
What is the tens digit of (-59432)/(-6) + 48/(-36)?
0
Suppose -13*f = 2*f - 60. Suppose f*h - 20 = 0, -5*w - 3*h = -w - 1411. What is the hundreds digit of w?
3
Let i(z) = 10*z**3 + 9*z**2 - z + 6. Let n be i(-3). Let y = n + 202. What is the units digit of y?
2
Let z(i) = 238*i**2 - 160*i + 16. What is the thousands digit of z(7)?
0
Let a be ((-2)/4 - -1)*(1 - 1). Suppose a = 3*j + 148 - 838. Let h = j - 136. What is the tens digit of h?
9
Suppose 4*w + 30*o = 27*o + 14101, -4*o = 4. What is the thousands digit of w?
3
Let t = -177 - 39. Let w = t - -321. What is the hundreds digit of w?
1
Suppose 0 = 9*k + 3*l - 118677, -52756 = -3*k - k - 4*l. What is the hundreds digit of k?
1
Let m(v) = v**2 + 15*v + 38. Let l be m(-12). Suppose 0 = l*p - 14 - 64. What is the tens digit of p?
3
Suppose 0 = -23*w + 19*w - 108. What is the tens digit of 2*w*-8 - -1?
3
Let x(q) = -4 - 27*q**3 - 7 + 28*q**3 + 3*q + 6*q**2 + q**2. Let s be x(-6). Suppose -v + 26 = s. What is the units digit of v?
9
Let f(k) = -k**2 + 14*k - 16. Let h be f(7). Suppose -h*m + 27*m + 2112 = 0. What is the hundreds digit of m?
3
Let k(i) = -16*i**2 - 16*i + 200. Let x be k(8). Let r = 275 - x. What is the thousands digit of r?
1
Suppose -126*n - 1468 = -127*n. Let f be (n + 1 + 2)*2. Suppose -11*g - 533 + f = 0. What is the hundreds digit of g?
2
Suppose d - 155 = -5*g, -4*g + 29 = 4*d - 79. Suppose 27*h = g*h + 5. What is the tens digit of -61*(-4 + (2 - h))?
6
Let x(l) = -20*l**3 - 4*l - 7. Let i be x(-2). Suppose -8*g = -9*g + i. What is the hundreds digit of g?
1
Suppose 188970 = 22*o + 8*o. What is the thousands digit of o?
6
Suppose -4*z = -5*x + 41, -62*z + 64*z = 4*x - 28. Suppose 0 = -5*o - y + 354, -2*y - 260 = -4*o + 3*y. Let k = x + o. What is the tens digit of k?
7
Let j be (-23)/(-7) - 2/7. Let s be 1 - j - (-276 + 0 + 1). Suppose 0 = -3*k + 10*k - s. What is the units digit of k?
9
Let t = -62 + 340. Suppose -3*q = 0, -t = -3*v - 5*q + 145. Suppose -26 = o - v. What is the hundreds digit of o?
1
Let r be 80/6 + (-2)/(-3). Suppose a - 585 = -m, -5*a + 3869 = -m + 974. Suppose -r*i = -1422 - a. What is the tens digit of i?
4
Let v = -18 - -49. Suppose -10*q = v - 231. What is the units digit of q?
0
Suppose -5*k + 2*m = 11, 6 = -3*k + 3*m + 3. What is the units digit of (2 - 1)*(k - 10*-29)?
7
Suppose -3*n - 12 = n + 4*f, 4*n - 12 = 4*f. Suppose y - 4*v - 65 = 0, -4*y + 3*v + 16 + 270 = n. What is the tens digit of y?
7
Let n be -32*96/(-21) + 4/(-14). Suppose p = -s + n, -8*p + 3*p + 728 = 3*s. What is the hundreds digit of p?
1
Let t be (-4 + 7)*5/3. Suppose -y = 5*c - 613, -85*y - t*c = -81*y - 2467. What is the hundreds digit of y?
6
Let g = 4413 - -3278. What is the thousands digit of g?
7
Suppose 2*w - 27 = 3*c, w + 3*c = 4*c + 13. Let h = 13 + w. Let r = h + 0. What is the tens digit of r?
2
Let z(x) = x**2 - 9*x + 8. Let v be z(6). What is the tens digit of ((-8)/12)/(v/1185)?
7
Suppose 25324 + 401438 = 27*g. What is the hundreds digit of g?
8
Suppose -3*m - 10*h + 7*h = -44979, 0 = 2*m - 4*h - 30004. What is the tens digit of m?
9
What is the thousands digit of ((-10)/(-1) - 645012/855)*(-60)/2?
2
Let n be (-16)/(-120) - 18242/15. Let m = n + 1853. What is the hundreds digit of m?
6
Let a(b) = -b**3 - 8*b**2 + 2. Let p be a(-8). Let s(l) = 177*l + 3. What is the hundreds digit of s(p)?
3
Suppose -3*q + 2*n + 187 = 0, 0 = 4*q - q + 2*n - 191. Let y = q + -59. Suppose -v = -3*u + 6, y*v + 4*u - 40 = -0*v. What is the units digit of v?
6
What is the tens digit of (-3)/24 + (-4 - 89602/(-16))?
9
Let t(q) = 3*q**2 - 8*q + 14. Suppose -2*c = 4*h - 0*c + 8, -3*c - 6 = 0. Let d be 1 + 1/h + 4. What is the tens digit of t(d)?
3
Let z(c) = 2367*c + 1639. What is the thousands digit of z(6)?
5
Let n(q) = 16*q**2 + 14*q - 1898. What is the tens digit of n(50)?
0
Suppose 32*h - 296065 = 21*h. What is the thousands digit of h?
6
Suppose 58*r + 123*r = -3*r + 10732536. What is the tens digit of r?
2
Suppose -2*p + 3*m = -m + 10, -10 = -3*p + m. Let r be (4 - 9)/p - -55. Suppose -u + h = -r - 84, h = -4*u + 557. What is the tens digit of u?
3
Let p = -72 + -123. Let h = p - -332. What is the units digit of h?
7
Let c(t) be the third derivative of t**4/24 + t**3/6 - 35*t**2. Let v be c(3). Suppose 2*w = v*o - 868, -o - w + 146 = -71. What is the units digit of o?
7
Suppose -24 = 21*v - 33*v. Suppose 3*u - 4*j - 655 = 2*u, v*u = 3*j + 1310. What is the units digit of u?
5
What is the tens digit of 2718240/63 + (-6)/9?
4
Suppose 5*p - 20 = 0, 3*x - 7*p + 3*p - 8 = 0. Let l(q) = q**3 + 21*q**2 + 100*q + 316. Let r be l(-16). What is the tens digi